2 is divided by 44?
32
Calculate the remainder when 3214 is divided by 100.
14
Calculate the remainder when 6596 is divided by 2161.
113
Calculate the remainder when 41226 is divided by 67.
21
Calculate the remainder when 89270 is divided by 17.
3
Calculate the remainder when 5385573 is divided by 949.
947
Calculate the remainder when 1308635 is divided by 3625.
10
Calculate the remainder when 105726 is divided by 11.
5
Calculate the remainder when 1385567 is divided by 204.
203
What is the remainder when 3544 is divided by 155?
134
Calculate the remainder when 1659126 is divided by 71.
69
Calculate the remainder when 36053 is divided by 84.
17
What is the remainder when 25319 is divided by 42?
35
Calculate the remainder when 79735 is divided by 4196.
11
What is the remainder when 36201 is divided by 101?
43
Calculate the remainder when 23307 is divided by 1665.
1662
Calculate the remainder when 124699 is divided by 1417.
3
What is the remainder when 7787 is divided by 905?
547
Calculate the remainder when 154411 is divided by 30880.
11
Calculate the remainder when 1707 is divided by 55.
2
Calculate the remainder when 5199 is divided by 1415.
954
What is the remainder when 352742 is divided by 59?
40
What is the remainder when 8584 is divided by 774?
70
What is the remainder when 4126 is divided by 51?
46
Calculate the remainder when 3314 is divided by 27.
20
What is the remainder when 44795 is divided by 26?
23
What is the remainder when 1152 is divided by 428?
296
What is the remainder when 394177 is divided by 177?
175
What is the remainder when 34917 is divided by 26?
25
Calculate the remainder when 144818 is divided by 243.
233
What is the remainder when 803422 is divided by 35?
32
Calculate the remainder when 14877 is divided by 14618.
259
Calculate the remainder when 2379 is divided by 10.
9
What is the remainder when 11591 is divided by 67?
0
What is the remainder when 28367 is divided by 3055?
872
Calculate the remainder when 591717 is divided by 30.
27
Calculate the remainder when 673 is divided by 609.
64
Calculate the remainder when 4914 is divided by 1227.
6
What is the remainder when 4054 is divided by 71?
7
What is the remainder when 83223 is divided by 544?
535
What is the remainder when 136988 is divided by 491?
490
What is the remainder when 15925 is divided by 617?
500
What is the remainder when 2771610 is divided by 13?
10
Calculate the remainder when 3779 is divided by 3158.
621
What is the remainder when 130579 is divided by 1655?
1489
What is the remainder when 13747 is divided by 35?
27
Calculate the remainder when 95614 is divided by 1646.
146
Calculate the remainder when 2913934 is divided by 136.
134
Calculate the remainder when 268188 is divided by 134088.
12
What is the remainder when 8244 is divided by 2057?
16
What is the remainder when 1415 is divided by 32?
7
Calculate the remainder when 28428 is divided by 570.
498
What is the remainder when 4342 is divided by 1080?
22
Calculate the remainder when 27588 is divided by 62.
60
What is the remainder when 37916 is divided by 3157?
32
What is the remainder when 343293 is divided by 288?
285
What is the remainder when 656268 is divided by 33?
30
What is the remainder when 2690 is divided by 265?
40
What is the remainder when 22379 is divided by 5593?
7
Calculate the remainder when 96132 is divided by 2.
0
Calculate the remainder when 233221 is divided by 123.
13
What is the remainder when 6491 is divided by 32?
27
Calculate the remainder when 33834 is divided by 230.
24
Calculate the remainder when 1826374 is divided by 5.
4
Calculate the remainder when 7398 is divided by 137.
0
Calculate the remainder when 9262 is divided by 2903.
553
What is the remainder when 152921 is divided by 331?
330
Calculate the remainder when 10064 is divided by 1139.
952
Calculate the remainder when 15930 is divided by 250.
180
What is the remainder when 107760 is divided by 58?
54
What is the remainder when 6613 is divided by 3077?
459
What is the remainder when 7197 is divided by 279?
222
What is the remainder when 382573 is divided by 72?
37
Calculate the remainder when 4733 is divided by 1573.
14
What is the remainder when 45947 is divided by 275?
22
Calculate the remainder when 32331 is divided by 874.
867
Calculate the remainder when 7677 is divided by 2390.
507
What is the remainder when 16147 is divided by 702?
1
Calculate the remainder when 627 is divided by 615.
12
Calculate the remainder when 962 is divided by 55.
27
Calculate the remainder when 2497706 is divided by 15.
11
What is the remainder when 28802 is divided by 27?
20
Calculate the remainder when 698 is divided by 106.
62
What is the remainder when 295353 is divided by 42187?
44
What is the remainder when 2998 is divided by 721?
114
Calculate the remainder when 33634 is divided by 27.
19
What is the remainder when 69965 is divided by 1164?
125
What is the remainder when 3457 is divided by 13?
12
What is the remainder when 62357 is divided by 103?
42
What is the remainder when 2688 is divided by 518?
98
Calculate the remainder when 106583 is divided by 81.
68
What is the remainder when 51532 is divided by 146?
140
Calculate the remainder when 14264 is divided by 528.
8
What is the remainder when 17983 is divided by 84?
7
What is the remainder when 120790 is divided by 89?
17
What is the remainder when 1265 is divided by 119?
75
What is the remainder when 401532 is divided by 32?
28
Calculate the remainder when 5513 is divided by 459.
5
What is the remainder when 481 is divided by 443?
38
Calculate the remainder when 20475 is divided by 64.
59
Calculate the remainder when 5850 is divided by 417.
12
What is the remainder when 39159 is divided by 366?
363
What is the remainder when 819696 is divided by 38?
36
Calculate the remainder when 189001 is divided by 217.
211
What is the remainder when 23949 is divided by 979?
453
Calculate the remainder when 8998 is divided by 1005.
958
What is the remainder when 5317 is divided by 280?
277
Calculate the remainder when 1983 is divided by 276.
51
Calculate the remainder when 6158 is divided by 3069.
20
Calculate the remainder when 36379 is divided by 77.
35
What is the remainder when 585777 is divided by 1502?
1499
Calculate the remainder when 39829 is divided by 13273.
10
Calculate the remainder when 791 is divided by 436.
355
What is the remainder when 5337 is divided by 1658?
363
Calculate the remainder when 1388001 is divided by 46.
43
What is the remainder when 12795 is divided by 7?
6
What is the remainder when 143634 is divided by 47875?
9
What is the remainder when 84445 is divided by 377?
374
Calculate the remainder when 2845 is divided by 37.
33
Calculate the remainder when 37586 is divided by 12487.
125
Calculate the remainder when 2564005 is divided by 578.
575
What is the remainder when 30621 is divided by 709?
134
Calculate the remainder when 63208 is divided by 31.
30
What is the remainder when 45681 is divided by 182?
181
What is the remainder when 37191 is divided by 6194?
27
Calculate the remainder when 1039 is divided by 263.
250
What is the remainder when 1873 is divided by 492?
397
Calculate the remainder when 22875 is divided by 374.
61
What is the remainder when 422352 is divided by 111?
108
What is the remainder when 10208 is divided by 329?
9
Calculate the remainder when 88399 is divided by 240.
79
What is the remainder when 568308 is divided by 8?
4
Calculate the remainder when 16765 is divided by 799.
785
What is the remainder when 888815 is divided by 2?
1
What is the remainder when 119546 is divided by 243?
233
Calculate the remainder when 2323439 is divided by 280.
279
Calculate the remainder when 5119 is divided by 107.
90
What is the remainder when 6425 is divided by 1035?
215
Calculate the remainder when 92515 is divided by 15418.
7
Calculate the remainder when 38242 is divided by 12553.
583
Calculate the remainder when 7658 is divided by 1716.
794
Calculate the remainder when 85508 is divided by 9.
8
What is the remainder when 34177 is divided by 132?
121
What is the remainder when 25435 is divided by 389?
150
Calculate the remainder when 9334 is divided by 389.
387
What is the remainder when 63615 is divided by 2761?
112
What is the remainder